5. Suppose -74*l + 4*p = -77*l + 4119, -5*p = d*l - 2753. Is l a prime number?
False
Let v be -13 + 17 + (-3 - -335). Suppose 338*g - 3862 = v*g. Is g a composite number?
False
Suppose 41*b = 24*b + 3*b + 181706. Is b prime?
True
Is -4*(419879/(-2) - (-28)/(56/6)) prime?
False
Let m be 394/(-4) + (-1)/(-2). Let b(z) = -z**3 + 60*z**2 - 53*z - 123. Let s be b(59). Let l = s - m. Is l prime?
False
Suppose 0 = -2*p - 3*p + 9370. Suppose 10*k = -0*k + 20. Suppose -p = k*c - 4*c. Is c prime?
True
Let o(x) = -x + 2. Let w be o(-2). Suppose -5*k + w = i, -2*k = -k - 3*i + 12. Suppose 25 = 5*v, -3*m + v + 766 = -k*v. Is m composite?
False
Let j = -295 + 4. Let g = 454 + j. Is g prime?
True
Let n be 6/(24/(-20) + 1). Let v be ((-24)/(-15))/(12/n). Is 2 + (-5425)/(-9 - v) a prime number?
True
Is -5 + (-84840)/(-133) - 10/(-95) a prime number?
False
Let v = 655310 + -306172. Is v prime?
False
Is (6 - 1)*-2*((-87212)/(-40))/(-1) a prime number?
True
Let i(u) = 1996*u + 937. Is i(10) a prime number?
True
Suppose 0 = -2105*g + 2123*g - 116442. Is g a composite number?
False
Suppose -5*r = 4*o - 2*o - 14121, 3*r = -5*o + 8484. Suppose 0 = 3*g - 981 - r. Suppose -5*n = -n - g. Is n a prime number?
True
Suppose 104451 + 90299 = 41*l. Suppose 6*i - 3*i - 4*r - 2827 = 0, 5*i = -r + l. Is i a prime number?
False
Let b = -2198490 - -4028009. Is b a prime number?
True
Let j(l) = 2 + 0*l**2 - 5*l - 2*l**3 + 6*l**3 - 6*l**2 - 5*l**3. Let n be j(-5). Suppose t = -2*w + 1798, -1039 = -n*w - 2*t + 755. Is w prime?
False
Suppose -2*q + 5*l + 7507 = 0, 4*l = -2*q + 3*q - 3752. Suppose -3*k + q = -1323. Is k a composite number?
False
Suppose -8508*n = -8506*n - 978410. Is n composite?
True
Suppose -2*t = -4*p + 692392 + 39988, 0 = 5*p + 5*t - 915505. Suppose 0 = 16*q - p + 3785. Is q a prime number?
False
Let o(r) = r**3 + 19*r**2 + 18*r + 7. Let b be o(-9). Suppose 30037 = -648*z + b*z. Is z a composite number?
True
Suppose -26306 = -14*j + 82586. Suppose -4*t = 2*p - j, 15*t - 14*t + 5*p = 1940. Is t composite?
True
Let i(m) = 54*m**3 - 8*m**2 + 4*m - 15. Is i(7) composite?
False
Suppose -3*m + 133264 = 4*d, 2*m = 4*d + 4*m - 133260. Is d a composite number?
True
Let k(s) = -1106*s - 21. Let m be k(-8). Suppose 2*i - 8824 = -5*r, -3*i - m = -5*r - 4*i. Is r a composite number?
True
Let a = 3220 + -1749. Is a composite?
False
Let g(s) = -11*s - 37. Let y be (-22)/(5 - 3)*1. Let q be g(y). Is (394/(-3))/((-8)/q) composite?
True
Suppose 18*l = -2*s + 1111336, 12*l = 17*l - 3*s - 308708. Is l a prime number?
False
Is 76954 - ((-252)/(-12) - 10) prime?
True
Let w(s) = -1124*s - 181. Let d be w(-7). Suppose 22*v = -2825 + d. Is v composite?
True
Let c(q) = -68*q + 201. Suppose 0 = 20*p - 28*p - 200. Is c(p) a prime number?
True
Suppose -f + 2*s = -25315, 61756 + 39537 = 4*f + 3*s. Is f prime?
True
Suppose -41*p = -2*l - 38*p + 36091, -5*p = 15. Is l prime?
True
Let t = -7684 + 15179. Is t a composite number?
True
Let c(r) = -768*r**3 - 8*r - 8. Let t be c(-2). Suppose -5*f = -4*o + t, -3*f = 11*o - 8*o - 4641. Is o a composite number?
False
Suppose 9 = 4*b + 21. Let w be (-3 - b) + (2 - (3 + -2)). Is (-3 + 2)/(w/(-59)) prime?
True
Let u = 3580 + -5035. Let b = 4322 - u. Is b a composite number?
True
Let b be 10/5*-2*4/16. Is (b - 2842)*(-5 + 6 + -2) a prime number?
True
Let a = -769 + 770. Let j(t) = -721*t**3 + t**2 - 3. Let k(h) = 722*h**3 - h**2 + h + 3. Let y(z) = -3*j(z) - 2*k(z). Is y(a) prime?
True
Let d = -169300 - -264839. Is d a composite number?
False
Is (-417945558)/(-1150) + 4/50 prime?
True
Let n(y) = -33*y + 85. Let q be (1/(-3))/(9*(-1)/(-270)). Is n(q) a prime number?
False
Let h(s) = s + 21. Let i be h(-18). Suppose 1977 = i*d + p, -4*d - p = 2*p - 2636. Suppose 5*t - d = -j, -5*j = t - 1632 - 1615. Is j a prime number?
False
Let v = 99613 - 36337. Suppose 11*s = -s + v. Is s prime?
True
Suppose 12*i + 55*i - 2526719 = -132876. Is i a prime number?
True
Let v(g) be the first derivative of g**3/3 + 7*g**2 - 37*g - 31. Is v(21) prime?
False
Let v(w) = -973*w - 57. Let c be v(-3). Let b = c - -5219. Is b a composite number?
False
Suppose -6*a + 15456 = -4*a. Let m = a + -4987. Is m composite?
False
Suppose 40*z - 10373460 = -20*z. Is z composite?
True
Let z = 19280 - 7691. Suppose q + 5*w - 2241 = 651, -4*q = -w - z. Is q prime?
True
Let r(n) = 7165*n - 2628. Is r(55) a composite number?
True
Suppose -5*k + y = 1941, 4*k - 2*y + 653 = -895. Let g = 756 + k. Let h = g + -148. Is h prime?
False
Let z be 3/(-5) - (2186432/(-45) + 120/(-540)). Suppose -11 - 1 = -3*l. Is z/28 + (-1)/l composite?
True
Let q(z) = z**2 + 15*z + 4. Let m be q(-15). Suppose -j - m*b + 61 = -4338, -2*b = -4*j + 17596. Is j composite?
True
Suppose -k + 10*o - 6*o + 20258 = 0, o = -2*k + 40480. Let n = k + -12093. Is n composite?
True
Suppose -231*u + 15783107 + 25401652 = 0. Is u prime?
True
Let u = 78513 + -26404. Is u prime?
False
Suppose 0 = -o - 1488*v + 1485*v + 676033, 3*o - 3*v - 2028147 = 0. Is o a composite number?
True
Let c(h) = -519*h + 248. Is c(-50) a prime number?
False
Suppose 455*v = 458*v - 143511. Is v a composite number?
False
Let u(a) be the first derivative of -30*a**2 + 101*a - 69. Is u(-21) a prime number?
True
Suppose 5*f + 6 = 7*f, -4*q - 5*f + 43 = 0. Suppose 0 = q*b - 6945 - 8560. Is b a prime number?
False
Let m = 96 - 105. Is (236/6)/((-3)/m) a composite number?
True
Suppose -10*g + 9*g + 11 = 0. Let j(q) = q**3 + 9*q**2 + 6*q - 27. Is j(g) composite?
False
Suppose 2 = 2*a - 7*x + 5*x, 4*a + 4*x - 36 = 0. Let c(z) = 1275*z. Let y be c(2). Suppose y = 4*l - 5*i, -3*i - 1470 - 1711 = -a*l. Is l a composite number?
True
Let q(t) = 2*t**3 + t**2. Let m be q(1). Suppose m*s = 2*o + 4*s + 8253, 0 = 4*o + s + 16503. Let p = o + 6554. Is p a composite number?
True
Let f(j) = j**3 + 7*j**2 + 10*j - 4. Let u be f(-5). Is (12313/2)/(u/(-8)) prime?
False
Suppose -2*q + 0 = 2, 4*q + 34 = -5*j. Let f be ((-13)/j - 2) + (-67)/6. Is 305/(-3 - 2)*f a prime number?
False
Suppose -19*s = -14*s - 440. Let q = s + -94. Is -20*239/q + 2/6 a prime number?
True
Let z = -685247 - -1168564. Is z prime?
True
Is 5/((-30)/24) + 3057620 + 50/(-10) a prime number?
True
Let r be 3810/(-20)*1/(6/(-464)). Suppose -r = -4*c + 26696. Is c a prime number?
True
Suppose 51 = 6*l - 255. Suppose -34*z + l*z - 18173 = 0. Is z a composite number?
False
Let b(k) = 579*k - 7. Let t(w) = w - 6. Let c be t(6). Suppose 5*x + 3*y + 5 = c, 4*y - 5*y - 5 = 0. Is b(x) a prime number?
True
Let f be 0 - (-5 + (0 - -2)). Is 18549/36 - (f/(-4))/(-3) a composite number?
True
Let s = 33 - 14. Let u = s - 19. Suppose u = -x + 5*x - 2348. Is x a composite number?
False
Suppose -9 = -8*j + 7. Let p be 4/(3 - 7) + 4. Suppose 3*i = j*i + 2*a + 983, -4*i + p*a = -3947. Is i prime?
False
Suppose 25175 = 5*z - 5*g, 9*g = -3*z + 5*g + 15063. Is z a composite number?
True
Suppose -f = -3*o + 34786, -4*o + f = 3*f - 46398. Is o a composite number?
False
Let q = -169 + 190. Suppose -19*l - 5795 = -q*l - 5*g, 4*l = 5*g + 11515. Is l composite?
True
Let w(f) = f**3 - 19*f**2 + 36*f + 2. Let c be w(17). Is c/(-24)*116/(-3) a prime number?
False
Let h(f) = f**3 + 60*f**2 - 11*f + 19. Is h(14) a prime number?
True
Suppose 7*n - 8*n - 31463 = -k, 2*k = 5*n + 62944. Is k a composite number?
True
Suppose -5*x - 10 = 0, -3*d - 2*x = -11*d + 131900. Is d a composite number?
False
Suppose -2*p + 66260 = 4*l - 3*p, -5*p = -4*l + 66276. Let o = l - 9197. Is o composite?
True
Let n be (1 + -1)/(-2 + 0). Suppose n = 3*y - 2*y - 7. Is (y/(-4))/((-1)/212) a prime number?
False
Suppose 10*c = 15*c. Suppose c = 5*t - 8170 - 54885. Is t composite?
False
Let t(i) = -113094*i**3 + 2*i**2 - 23*i - 47. Is t(-2) prime?
True
Let u(s) = 157*s**2 + 14*s + 70. Let a be u(-6). Suppose 45*k = 47*k - a. Is k a prime number?
True
Let o(u) be the third derivative of 25*u**4/4 - 19*u**3/6 + 33*u**2. Is o(14) a composite number?
False
Let y(u) = 7*u**2 + 47*u + 37. Let a(o) = -o**3 - 22*o**2 + 22*o - 3. Let t be a(-23). Let c be y(t). Suppose 2*b - 5*b = -c. Is b a composite number?
False
Suppose 2*f + 0*a - 429 = 3*a, 2*f - 399 = -3*a. Let s(y) = 77*y**2 + 2*y. Let j be s(-2). Suppose -3*m + 626 = 5*t, -4*t + j = -m - f. Is t a composite number?
False
Suppose